k) = -k**3 - 11*k**2 - 18*k - 9. Give u(f).
-9
Suppose 5*p = -3*u - 298, -6 = -5*u + 14. Let z = p + 60. Let q(j) = -j**2. What is q(z)?
-4
Let h(a) = a**2 - 5*a - 4. Let i be h(6). Let f(v) = -55 - 3*v**i + 53 + v**3 - 4*v**2. Calculate f(7).
-2
Let f(r) = -7*r**3 + 10*r**2 + 9*r - 4. Let u(i) = -5*i**3 + 9*i**2 + 8*i - 4. Let w(m) = -3*f(m) + 4*u(m). Calculate w(-5).
-4
Let o be (-13)/((-13)/(-4)) - -4. Let f(n) = -n**2 - n + 17. Give f(o).
17
Let v(w) = -2*w + 14*w**2 - 11*w**2 - 12*w + 0*w**2 + 8 - 2*w**2. Give v(14).
8
Suppose -12*t + 7*t + 150 = 0. Let a be ((-2)/5)/((-3)/t). Let o(b) = -b**2 + 8*b. Determine o(a).
16
Let j(t) = 11*t + 4*t - 12*t - 2*t - 5. Calculate j(-6).
-11
Let p = 26 - 29. Let l(t) = t + 10. Let w(r) = -r - 11. Let v(m) = p*l(m) - 2*w(m). What is v(-4)?
-4
Let g(o) be the first derivative of 3*o**2/2 - 2*o - 142. Give g(-2).
-8
Let u be (22 - 21)*(1 + 6/9*-3). Let z(h) be the first derivative of h**2 - 3 + 4 - h + 3*h**2. Calculate z(u).
-9
Let b(n) be the third derivative of n**5/60 - 5*n**4/12 - 5*n**3/3 + 137*n**2. Determine b(11).
1
Let d(n) = 11*n - 5 + 6 - 13*n + 6*n. What is d(-2)?
-7
Let o(b) be the third derivative of b**6/120 + 3*b**5/20 - b**4/2 - 7*b**3/3 - b**2 - 32*b. What is o(-10)?
6
Let w = 9 + 4. Let t(l) = -6*l + w*l - 8 - 8*l. Calculate t(-4).
-4
Let s(c) = -c**2 + 52*c - 550. Let g be s(15). Let j(a) be the first derivative of -12 + g*a + 1/2*a**2. Determine j(-7).
-2
Let v(r) = -r**3 + 8*r**2 + 3. Let p be v(8). Let k(o) = -o**3 - 6*o**2 + 7*o + 4. Let f be k(-7). Let l(y) = 5 + 3*y + 3 - 2 - f + y**3 - 4*y**2. What is l(p)?
2
Let y(x) = -x - 11. Let z be y(-15). Suppose -s = 3*p - 8, 2*p + z*s = -2*p. Let n(q) = -q**2 + 5. Calculate n(p).
-11
Let k(p) = 4*p - 2. Let d = -185 + 182. What is k(d)?
-14
Suppose 0 = -m + 3 - 0. Let p(l) be the first derivative of -l**5/60 + l**4/6 + l**3/6 - 5*l**2 + 4. Let s(b) be the second derivative of p(b). Give s(m).
4
Let a be (520/(-100))/(4/(-10)). Suppose 10*v = a*v + 6. Let z(l) = l**3 + 3*l**2 + 2*l - 2. Calculate z(v).
-2
Let b(p) = -1. Let y(k) be the second derivative of -k**3/3 - 7*k**2 + 25*k. Let u(i) = -4*b(i) + y(i). What is u(-7)?
4
Let w(r) = 8*r**2 + r - 10. Let h(l) = -3*l**2 + 3. Let s(v) = 7*h(v) + 2*w(v). Determine s(-1).
-6
Let c(r) = 9*r + 8. Let d(n) be the first derivative of 7*n**2/2 + 8*n + 36. Let t(a) = 4*c(a) - 5*d(a). What is t(7)?
-1
Suppose -7 = 4*m - 23. Let q(h) = 7*h**2 + 19*h + 100. Let k(c) = -3*c**2 - 9*c - 44. Let u(g) = -9*k(g) - 4*q(g). Give u(m).
0
Let g(r) = -r**3 - r + 7. Let o(t) = t**2 - 6*t + 11. Let m be o(6). Let d(p) = -p**3 + 12*p**2 - 11*p. Let h be d(m). Let c be 3 - 0 - (h - -3). What is g(c)?
7
Let z(j) be the first derivative of j**4/4 - 5*j**3/3 - 7*j**2/2 + 3*j - 1. Let w(n) = -2*n - 4. Let c be w(-5). What is z(c)?
-3
Let r = -83 + 86. Let w(a) = 0 - 3 + 2*a + 2. Determine w(r).
5
Let l(i) be the first derivative of -2*i**2 + 1 - 29 - 4*i**2 + 3*i**2. Give l(1).
-6
Let c(g) = -g**3 + 3*g**2 + 4. Suppose -q + 7 + 28 = 0. Suppose 2*j + q - 41 = 0. Determine c(j).
4
Let l(j) = -j**2 + 2*j - 1. Let d(k) = -2*k**2 + 5*k - 3. Let z(h) = -2*d(h) + 5*l(h). Let i(g) = -g**3 - 58*g**2 + 62*g + 177. Let t be i(-59). Give z(t).
1
Let i(f) = -4*f**2 + 64*f - 64. Let q be i(15). Let w(c) = c**2 - 5*c - 6. Give w(q).
30
Let c(k) = 6*k - 4*k + 0*k - 9 - 3*k. Determine c(0).
-9
Let h(c) = -3*c**2 - 3*c - 2. Let j = 94 + -96. Calculate h(j).
-8
Suppose -2*v = 3*g - 5 - 12, -2*v - 10 = 0. Suppose 3*t = -0*t + g. Let d(u) = -u + u + 6*u + 7 - 6*u**2 - t*u + u**3. What is d(5)?
-3
Let h(i) = -7*i - 26. Let j be h(-4). Let l(q) = -243*q - j + 242*q + 3. What is l(7)?
-6
Let o(m) = -25*m - 9 + 45*m - 22*m. Determine o(-7).
5
Suppose -p - 8 = -2*a - 21, 4*a + 4*p - 4 = 0. Let m(g) be the third derivative of 1/60*g**5 - 5/6*g**3 + 1/24*g**4 - 26*g**2 + 0 + 0*g. Determine m(a).
7
Let n = 20 - 27. Let g(a) = -a**2 - 7*a - 10. Calculate g(n).
-10
Let a(m) be the second derivative of -4*m**3/3 + 45*m**2/2 + 20*m. Let o be a(6). Let r(k) = 6*k - 1. Determine r(o).
-19
Let f(x) be the third derivative of 1/120*x**6 - 1/3*x**3 + 1/8*x**4 + 0 + 0*x - 6*x**2 - 1/20*x**5. What is f(2)?
0
Let a(s) = -s**2 - 7*s - 2. Let u = -5 - -11. Suppose 0 = -4*d + u*d + 10. Determine a(d).
8
Let m be 3 + -5 + 3 - (26 - 21). Let s(g) = 2*g**2 - g - 3. What is s(m)?
33
Let g(u) = 25 - u**3 + 0*u**3 - 26. Let y(i) = -i - 4. Let j be y(-2). What is g(j)?
7
Let w(s) = 3*s**2 - 17*s - 1. Let h = 1646 - 1639. Calculate w(h).
27
Suppose 38*d = 51*d - 52. Let n(f) = -f**2 - f - 2. Determine n(d).
-22
Let p(b) be the second derivative of 7/2*b**2 - 1/6*b**3 + 0 - 12*b. Give p(6).
1
Suppose -2*a + 111 = 27. Suppose -47*v = -a*v + 30. Let u(c) = 2*c - 8. Give u(v).
-20
Let c(r) = 7*r + 1. Let s(l) = 20*l + 3. Let o(v) = -17*c(v) + 6*s(v). Let t(q) = -2*q - 6. Let f(a) = -5*o(a) - t(a). Calculate f(-1).
4
Let y(x) = 12*x**3 + 4*x**2 + 5*x - 4. Let n(c) = -216*c - 1 - c**2 + c**3 + 2*c**2 + 217*c + 2*c**3. Let r(q) = -9*n(q) + 2*y(q). Calculate r(-1).
2
Let h(w) = -w**3 - 41*w**2 - 38*w + 79. Let u be h(-40). Let l(a) = 9*a + 1. Give l(u).
-8
Let c be 3/(4/(10 + -6)). Let s(j) = -3*j**2 + 3*j - 2. Give s(c).
-20
Let l(s) = -2*s + 9. Let v be l(7). Let b = -3 - v. Let n(a) = -a**3 + 435*a**2 + 436*a**2 - a - 869*a**2 + 1. Calculate n(b).
-1
Let w(g) = 2*g**3 + g**2 + 2. Let i = 1 - 0. Suppose 5 - 38 = -11*s. Let o(u) = -u**2 - 1. Let f(v) = i*w(v) + s*o(v). Give f(2).
7
Suppose 0 = 4*v + 4*q + 40, 3*v + 19 + 17 = -5*q. Let f(h) be the second derivative of h**3/3 + h**2/2 - 2*h - 12. Give f(v).
-13
Let i(a) = 7*a + 7 - 4594*a**2 + 2 + 4595*a**2. Let l(x) = -x - 13. Let m be l(-7). Give i(m).
3
Let h = -14 - -19. Let s(w) = 7*w**2 + h*w + 6 - 3*w**2 - w - 3*w**2. Suppose 0*d - d = 4. Determine s(d).
6
Let v(k) be the first derivative of 3*k**2/2 + 8*k - 36. What is v(-4)?
-4
Let y(a) = 6*a**3 - 156*a**2 + 2. Let z be y(26). Let c(p) be the second derivative of p**5/20 - p**4/4 + p**3/3 - p**2/2 - p. Determine c(z).
-1
Let q(b) = 6 - 2*b + 2*b + 0*b - 4*b. Let i = 29 + -8. Let l be 1/3 - (-77)/i. Calculate q(l).
-10
Let m(q) = -3*q**3 + q**2 + 26*q + 10. Let k(b) = -8*b**3 + 7*b**2 + 79*b + 30. Let j(l) = 4*k(l) - 11*m(l). What is j(-15)?
10
Let m = -18810 + 18815. Suppose 6 = -4*c + 2*f, -6 = -2*c - 0*c - 2*f. Let s(h) = -2 + h - 3 + c. Calculate s(m).
0
Let b(q) = 7*q - 8. Let a(h) = 1. Let v(t) = 5*a(t) + b(t). Give v(-4).
-31
Let f be (96/(-60))/(8/(-50)). Let b(r) = r**2 - 10*r + 4. Give b(f).
4
Let c(i) = i**3 - 8*i**2 + 2*i - 8. Suppose -21*b + 140 = -28. What is c(b)?
8
Let y = 95 + -145. Let d = 49 + y. Let l(b) = -3 + 2 - 2*b + 0*b + b**3 + b**2. Calculate l(d).
1
Let b = -1 + 1. Let t(r) = 5*r**3 + 13*r**2 + 11*r - 9. Let y(c) = -11*c**3 - 29*c**2 - 25*c + 19. Let n(o) = -9*t(o) - 4*y(o). Determine n(b).
5
Let g(t) be the second derivative of 1/4*t**4 + 0 - 1/3*t**3 + 1/20*t**5 + 0*t**2 + 17*t. Calculate g(-3).
6
Let z(r) = -8*r**2 - 6 - 57*r + 9*r**2 + 55*r. Give z(-6).
42
Let m(h) = 2*h - 2. Suppose 42*z = 153 + 141. Calculate m(z).
12
Let b(g) = g**2 - 7*g + 7. Let j = -125 + 128. Determine b(j).
-5
Let a(u) = 3*u - 3. Let o(n) = -n - 7. Let x(p) be the first derivative of -p**4/4 - 2*p**3 + p**2 + 2*p + 5. Let y be x(-6). Let j be o(y). Determine a(j).
6
Let z(o) = 7*o**2 + 12 - 13*o**2 + 6*o + 7*o**2 + 14*o - 9*o. Calculate z(-12).
24
Let b be (-27 - -28) + 2*(4 - 2). Let q(t) = t - 9. Determine q(b).
-4
Let m(o) be the third derivative of 2*o**5/15 - o**4/24 - 2*o**2. Let j = -87 + 48. Let v be (-4 + j/(-9))*3. What is m(v)?
7
Let u(z) be the third derivative of 8*z**2 + 0 + 1/120*z**5 + 1/4*z**4 - 4/3*z**3 + 0*z. Let n(i) be the first derivative of u(i). Calculate n(5).
11
Suppose -4*c + 6*c - 22 = 0. Suppose 5*l + 21 = c. Let m(k) = 3*k + 1. Let w(d) = -d**2 - 4*d - 2. Let q(z) = l*w(z) - 3*m(z). Determine q(1).
2
Let y(o) = -o**2 - o - 2. Let c(l) = -5*l**2 + 6*l - 3. Let s(j) = j**2 + 1. Let a(b) = -c(b) - 4*s(b). Let u be a(5). Let h be 0/(2/u*-3). Give y(h).
-2
Let c(w) = -w**3 - 13*w**2 + 25*w + 28. Let k(n) = n**3 + 11*n**2 - 26*n - 26. Let s(q) = 4*c(q) + 3*k(q). Give s(-20).
-6
Suppose 3*x + 16 = -17. Let a(w) = 9*w + 25. Let f(g) = 